{"id":41,"date":"2018-03-28T02:28:01","date_gmt":"2018-03-28T02:28:01","guid":{"rendered":"https:\/\/lojacasadasfolhas.com.br\/site\/?page_id=41"},"modified":"2021-10-29T02:15:38","modified_gmt":"2021-10-29T02:15:38","slug":"home","status":"publish","type":"page","link":"https:\/\/lojacasadasfolhas.com.br\/site\/","title":{"rendered":"Home"},"content":{"rendered":"<p>[et_pb_section fb_built=&#8221;1&#8243; _builder_version=&#8221;4.9.10&#8243; _module_preset=&#8221;default&#8221; custom_padding=&#8221;3px||11px|||&#8221;][et_pb_row column_structure=&#8221;1_3,1_3,1_3&#8243; _builder_version=&#8221;4.9.10&#8243; _module_preset=&#8221;default&#8221; width=&#8221;90%&#8221;][et_pb_column type=&#8221;1_3&#8243; _builder_version=&#8221;4.9.10&#8243; _module_preset=&#8221;default&#8221;][et_pb_image src=&#8221;https:\/\/lojacasadasfolhas.com.br\/site\/wp-content\/uploads\/2021\/10\/banner_01-1.jpg&#8221; title_text=&#8221;banner_01&#8243; _builder_version=&#8221;4.9.10&#8243; _module_preset=&#8221;default&#8221;][\/et_pb_image][\/et_pb_column][et_pb_column type=&#8221;1_3&#8243; _builder_version=&#8221;4.9.10&#8243; _module_preset=&#8221;default&#8221;][et_pb_image src=&#8221;https:\/\/lojacasadasfolhas.com.br\/site\/wp-content\/uploads\/2021\/10\/banner_02.jpg&#8221; title_text=&#8221;banner_02&#8243; url=&#8221;https:\/\/lojacasadasfolhas.com.br\/site\/categoria-produto\/chas\/&#8221; _builder_version=&#8221;4.9.10&#8243; _module_preset=&#8221;default&#8221;][\/et_pb_image][\/et_pb_column][et_pb_column type=&#8221;1_3&#8243; _builder_version=&#8221;4.9.10&#8243; _module_preset=&#8221;default&#8221;][et_pb_image src=&#8221;https:\/\/lojacasadasfolhas.com.br\/site\/wp-content\/uploads\/2021\/10\/banner_03-1.jpg&#8221; title_text=&#8221;banner_03&#8243; _builder_version=&#8221;4.9.10&#8243; _module_preset=&#8221;default&#8221;][\/et_pb_image][\/et_pb_column][\/et_pb_row][\/et_pb_section][et_pb_section fb_built=&#8221;1&#8243; _builder_version=&#8221;4.9.10&#8243; background_color=&#8221;#f9f9f9&#8243; custom_padding=&#8221;26px||32px|||&#8221;][et_pb_row _builder_version=&#8221;4.9.10&#8243; width=&#8221;90%&#8221; custom_padding=&#8221;10px|||||&#8221;][et_pb_column type=&#8221;4_4&#8243; _builder_version=&#8221;4.9.10&#8243; _module_preset=&#8221;default&#8221;][et_pb_shop type=&#8221;featured&#8221; posts_number=&#8221;8&#8243; columns_number=&#8221;4&#8243; icon_hover_color=&#8221;#ffffff&#8221; hover_overlay_color=&#8221;rgba(124,218,36,0.42)&#8221; hover_icon=&#8221;%%204%%&#8221; icon_hover_color_last_edited=&#8221;off|desktop&#8221; _builder_version=&#8221;4.9.10&#8243; title_font=&#8221;|800|||||||&#8221; title_text_align=&#8221;center&#8221; title_text_color=&#8221;#304c44&#8243; title_font_size=&#8221;20px&#8221; price_font=&#8221;|600|||||||&#8221; price_text_align=&#8221;center&#8221; price_text_color=&#8221;#E02B20&#8243; price_font_size=&#8221;23px&#8221; price_line_height=&#8221;16px&#8221; hover_enabled=&#8221;0&#8243; orderby=&#8221;date-desc&#8221; sticky_enabled=&#8221;0&#8243;][\/et_pb_shop][\/et_pb_column][\/et_pb_row][\/et_pb_section][et_pb_section fb_built=&#8221;1&#8243; fullwidth=&#8221;on&#8221; _builder_version=&#8221;4.9.10&#8243; _module_preset=&#8221;default&#8221;][et_pb_fullwidth_image src=&#8221;https:\/\/lojacasadasfolhas.com.br\/site\/wp-content\/uploads\/2021\/10\/banner_horizontal_chas2.jpg&#8221; title_text=&#8221;banner_horizontal_chas2&#8243; _builder_version=&#8221;4.9.10&#8243; _module_preset=&#8221;default&#8221;][\/et_pb_fullwidth_image][\/et_pb_section][et_pb_section fb_built=&#8221;1&#8243; _builder_version=&#8221;4.9.10&#8243; background_color=&#8221;#f9f9f9&#8243; custom_padding=&#8221;26px||32px|||&#8221;][et_pb_row _builder_version=&#8221;4.9.10&#8243; width=&#8221;90%&#8221; custom_padding=&#8221;10px|||||&#8221;][et_pb_column type=&#8221;4_4&#8243; _builder_version=&#8221;4.9.10&#8243; _module_preset=&#8221;default&#8221;][et_pb_shop posts_number=&#8221;8&#8243; columns_number=&#8221;4&#8243; icon_hover_color=&#8221;#ffffff&#8221; hover_overlay_color=&#8221;rgba(124,218,36,0.42)&#8221; hover_icon=&#8221;%%204%%&#8221; _builder_version=&#8221;4.9.10&#8243; title_font=&#8221;|800|||||||&#8221; title_text_align=&#8221;center&#8221; title_text_color=&#8221;#304c44&#8243; title_font_size=&#8221;20px&#8221; price_font=&#8221;|600|||||||&#8221; price_text_align=&#8221;center&#8221; price_text_color=&#8221;#E02B20&#8243; price_font_size=&#8221;23px&#8221; price_line_height=&#8221;16px&#8221; hover_enabled=&#8221;0&#8243; type=&#8221;latest&#8221; sticky_enabled=&#8221;0&#8243;][\/et_pb_shop][et_pb_button button_url=&#8221;https:\/\/lojacasadasfolhas.com.br\/site\/categoria-produto\/chas\/&#8221; button_text=&#8221;VER TODOS&#8230;&#8221; button_alignment=&#8221;center&#8221; _builder_version=&#8221;4.9.10&#8243; _module_preset=&#8221;default&#8221; custom_button=&#8221;on&#8221; button_bg_color=&#8221;#E09900&#8243; button_border_radius=&#8221;23px&#8221; custom_padding=&#8221;|30px||30px|false|false&#8221;][\/et_pb_button][\/et_pb_column][\/et_pb_row][\/et_pb_section][et_pb_section fb_built=&#8221;1&#8243; _builder_version=&#8221;4.9.10&#8243; _module_preset=&#8221;default&#8221;][et_pb_row _builder_version=&#8221;4.9.10&#8243; _module_preset=&#8221;default&#8221; width=&#8221;90%&#8221;][et_pb_column type=&#8221;4_4&#8243; _builder_version=&#8221;4.9.10&#8243; _module_preset=&#8221;default&#8221;][et_pb_code _builder_version=&#8221;4.9.10&#8243; _module_preset=&#8221;default&#8221;]<div class=\"psfw-controls-true woocommerce psfw-social-share-disabled psfw-product-outer-wrapper-994539277   psfw-main-product-wrapper psfw-car-template-3 psfw-car-outer-wrap psfw-upper-arrow \" data-id=\"psfw_3079106\" >\n\n    <div class=\"psfw-layout-carousel-section psfw-clearfix\" \n        \n            data-column = \"3\"\n            data-controls = \"true\"\n            data-auto = \"true\"\n            data-orientation = \"horizontal\"\n            data-autohover = \"true\"\n            data-speed = \"1000\"\n            data-pager = \"true\"\n            data-template = \"template-3\"\n            data-width = \"350\"\n            >\n            <div class=\"psfw-inner-wrap\" data-post_id=\"1351\" data-shortcode_id=\"594\">\n    <div class=\"psfw-inner-wrap-contain\">\n        <div class=\"psfw-image-hover-wrap\">\n    <div class=\"psfw-image-second-container\">\n        <div class=\"psfw-image\">\n                    <a href=\"https:\/\/lojacasadasfolhas.com.br\/site\/produto\/embauba\/\"  >\n                    <img decoding=\"async\" src=\"https:\/\/lojacasadasfolhas.com.br\/site\/wp-content\/uploads\/2021\/10\/Embauba.jpeg\">\n                <\/a>\n                <\/div>        <div class=\"psfw-top-hover-wrap\">\n                    <\/div>\n    <\/div>\n    <div class=\"psfw-ribbon-wrapper\">\n    <\/div><\/div>\n<div class=\"psfw-content-inner-wrap\">\n    <div class=\"psfw-top-wrap\">\n                    <div class=\"psfw-category-wrap\">\n                            <\/div> <div class=\"psfw-title\">\n            <a href=\"https:\/\/lojacasadasfolhas.com.br\/site\/produto\/embauba\/\" >\n            Emba\u00faba- 250 gramas<\/a>\n        <\/div>            <div class=\"psfw-content\"> Pacote com 250 gramas de folha            <\/div> <div class=\"psfw-price\">\n    \n\t<span class=\"price\"><span class=\"woocommerce-Price-amount amount\"><bdi><span class=\"woocommerce-Price-currencySymbol\">&#82;&#36;<\/span>33,90<\/bdi><\/span><\/span>\n<\/div>    <\/div>\n    <div class=\"psfw-bottom-hover-wrap\">\n        <div class=\"psfw-buttons-collection psfw-clearfix\">\n                    <\/div>\n            <\/div>\n<\/div>    <\/div>\n<\/div><div class=\"psfw-inner-wrap\" data-post_id=\"1354\" data-shortcode_id=\"594\">\n    <div class=\"psfw-inner-wrap-contain\">\n        <div class=\"psfw-image-hover-wrap\">\n    <div class=\"psfw-image-second-container\">\n        <div class=\"psfw-image\">\n                    <a href=\"https:\/\/lojacasadasfolhas.com.br\/site\/produto\/manga-folhas\/\"  >\n                    <img decoding=\"async\" src=\"https:\/\/lojacasadasfolhas.com.br\/site\/wp-content\/uploads\/2021\/10\/manga-rosa.jpeg\">\n                <\/a>\n                <\/div>        <div class=\"psfw-top-hover-wrap\">\n                    <\/div>\n    <\/div>\n    <div class=\"psfw-ribbon-wrapper\">\n    <\/div><\/div>\n<div class=\"psfw-content-inner-wrap\">\n    <div class=\"psfw-top-wrap\">\n                    <div class=\"psfw-category-wrap\">\n                            <\/div> <div class=\"psfw-title\">\n            <a href=\"https:\/\/lojacasadasfolhas.com.br\/site\/produto\/manga-folhas\/\" >\n            Manga Rosa- 250 gramas de folhas<\/a>\n        <\/div>            <div class=\"psfw-content\"> Pacote com 250 gramas de folha            <\/div> <div class=\"psfw-price\">\n    \n\t<span class=\"price\"><span class=\"woocommerce-Price-amount amount\"><bdi><span class=\"woocommerce-Price-currencySymbol\">&#82;&#36;<\/span>17,90<\/bdi><\/span><\/span>\n<\/div>    <\/div>\n    <div class=\"psfw-bottom-hover-wrap\">\n        <div class=\"psfw-buttons-collection psfw-clearfix\">\n                    <\/div>\n            <\/div>\n<\/div>    <\/div>\n<\/div><div class=\"psfw-inner-wrap\" data-post_id=\"1363\" data-shortcode_id=\"594\">\n    <div class=\"psfw-inner-wrap-contain\">\n        <div class=\"psfw-image-hover-wrap\">\n    <div class=\"psfw-image-second-container\">\n        <div class=\"psfw-image\">\n                    <a href=\"https:\/\/lojacasadasfolhas.com.br\/site\/produto\/abacate-folhas\/\"  >\n                    <img decoding=\"async\" src=\"https:\/\/lojacasadasfolhas.com.br\/site\/wp-content\/uploads\/2021\/10\/Abacate.jpeg\">\n                <\/a>\n                <\/div>        <div class=\"psfw-top-hover-wrap\">\n                    <\/div>\n    <\/div>\n    <div class=\"psfw-ribbon-wrapper\">\n    <\/div><\/div>\n<div class=\"psfw-content-inner-wrap\">\n    <div class=\"psfw-top-wrap\">\n                    <div class=\"psfw-category-wrap\">\n                            <\/div> <div class=\"psfw-title\">\n            <a href=\"https:\/\/lojacasadasfolhas.com.br\/site\/produto\/abacate-folhas\/\" >\n            Abacate- 200 gramas de folhas<\/a>\n        <\/div>            <div class=\"psfw-content\"> Pacote com 200 gramas de folha            <\/div> <div class=\"psfw-price\">\n    \n\t<span class=\"price\"><span class=\"woocommerce-Price-amount amount\"><bdi><span class=\"woocommerce-Price-currencySymbol\">&#82;&#36;<\/span>36,90<\/bdi><\/span><\/span>\n<\/div>    <\/div>\n    <div class=\"psfw-bottom-hover-wrap\">\n        <div class=\"psfw-buttons-collection psfw-clearfix\">\n                    <\/div>\n            <\/div>\n<\/div>    <\/div>\n<\/div><div class=\"psfw-inner-wrap\" data-post_id=\"1543\" data-shortcode_id=\"594\">\n    <div class=\"psfw-inner-wrap-contain\">\n        <div class=\"psfw-image-hover-wrap\">\n    <div class=\"psfw-image-second-container\">\n        <div class=\"psfw-image\">\n                    <a href=\"https:\/\/lojacasadasfolhas.com.br\/site\/produto\/ora-pro-nobis-farinha-3\/\"  >\n                    <img decoding=\"async\" src=\"https:\/\/lojacasadasfolhas.com.br\/site\/wp-content\/uploads\/2021\/10\/Farinha-de-ora-pro-nobis.jpeg\">\n                <\/a>\n                <\/div>        <div class=\"psfw-top-hover-wrap\">\n                    <\/div>\n    <\/div>\n    <div class=\"psfw-ribbon-wrapper\">\n    <\/div><\/div>\n<div class=\"psfw-content-inner-wrap\">\n    <div class=\"psfw-top-wrap\">\n                    <div class=\"psfw-category-wrap\">\n                            <\/div> <div class=\"psfw-title\">\n            <a href=\"https:\/\/lojacasadasfolhas.com.br\/site\/produto\/ora-pro-nobis-farinha-3\/\" >\n            Ora Pro N\u00f3bis em p\u00f3 250 gramas<\/a>\n        <\/div>            <div class=\"psfw-content\"> Pacote com 200 gramas de folha            <\/div> <div class=\"psfw-price\">\n    \n\t<span class=\"price\"><span class=\"woocommerce-Price-amount amount\"><bdi><span class=\"woocommerce-Price-currencySymbol\">&#82;&#36;<\/span>23,90<\/bdi><\/span><\/span>\n<\/div>    <\/div>\n    <div class=\"psfw-bottom-hover-wrap\">\n        <div class=\"psfw-buttons-collection psfw-clearfix\">\n                    <\/div>\n            <\/div>\n<\/div>    <\/div>\n<\/div><div class=\"psfw-inner-wrap\" data-post_id=\"1545\" data-shortcode_id=\"594\">\n    <div class=\"psfw-inner-wrap-contain\">\n        <div class=\"psfw-image-hover-wrap\">\n    <div class=\"psfw-image-second-container\">\n        <div class=\"psfw-image\">\n                    <a href=\"https:\/\/lojacasadasfolhas.com.br\/site\/produto\/jatoba-farinha-da-polpa-2\/\"  >\n                    <img decoding=\"async\" src=\"https:\/\/lojacasadasfolhas.com.br\/site\/wp-content\/uploads\/2021\/12\/WhatsApp-Image-2026-02-20-at-14.38.28.jpeg\">\n                <\/a>\n                <\/div>        <div class=\"psfw-top-hover-wrap\">\n                    <\/div>\n    <\/div>\n    <div class=\"psfw-ribbon-wrapper\">\n    <\/div><\/div>\n<div class=\"psfw-content-inner-wrap\">\n    <div class=\"psfw-top-wrap\">\n                    <div class=\"psfw-category-wrap\">\n                            <\/div> <div class=\"psfw-title\">\n            <a href=\"https:\/\/lojacasadasfolhas.com.br\/site\/produto\/jatoba-farinha-da-polpa-2\/\" >\n            Jatob\u00e1 fruto inteiro- 1 kg<\/a>\n        <\/div>            <div class=\"psfw-content\"> Nome popular: Jata\u00ed, jata\u00ed-a            <\/div> <div class=\"psfw-price\">\n    \n\t<span class=\"price\"><span class=\"woocommerce-Price-amount amount\"><bdi><span class=\"woocommerce-Price-currencySymbol\">&#82;&#36;<\/span>29,90<\/bdi><\/span><\/span>\n<\/div>    <\/div>\n    <div class=\"psfw-bottom-hover-wrap\">\n        <div class=\"psfw-buttons-collection psfw-clearfix\">\n                    <\/div>\n            <\/div>\n<\/div>    <\/div>\n<\/div>    <\/div> \n    <\/div> [\/et_pb_code][\/et_pb_column][\/et_pb_row][\/et_pb_section][et_pb_section fb_built=&#8221;1&#8243; prev_background_color=&#8221;#ffffff&#8221; _builder_version=&#8221;4.9.10&#8243; _module_preset=&#8221;default&#8221; background_image=&#8221;https:\/\/lojacasadasfolhas.com.br\/site\/wp-content\/uploads\/2021\/10\/fundofolhas.jpg&#8221; parallax=&#8221;on&#8221; custom_padding=&#8221;139px||130px|||&#8221; top_divider_style=&#8221;arrow3&#8243; top_divider_height=&#8221;61px&#8221;][et_pb_row column_structure=&#8221;1_2,1_2&#8243; _builder_version=&#8221;4.9.10&#8243; _module_preset=&#8221;default&#8221; background_color=&#8221;rgba(18,61,9,0.39)&#8221; width=&#8221;90%&#8221; module_alignment=&#8221;center&#8221; border_radii=&#8221;on|20px|20px|20px|20px&#8221;][et_pb_column type=&#8221;1_2&#8243; _builder_version=&#8221;4.9.10&#8243; _module_preset=&#8221;default&#8221;][et_pb_image src=&#8221;https:\/\/lojacasadasfolhas.com.br\/site\/wp-content\/uploads\/2021\/10\/logo_casadasfolhas_branco_efeitos.png&#8221; title_text=&#8221;logo_casadasfolhas_branco_efeitos&#8221; _builder_version=&#8221;4.9.10&#8243; _module_preset=&#8221;default&#8221;][\/et_pb_image][\/et_pb_column][et_pb_column type=&#8221;1_2&#8243; _builder_version=&#8221;4.9.10&#8243; _module_preset=&#8221;default&#8221;][et_pb_text _builder_version=&#8221;4.9.10&#8243; _module_preset=&#8221;default&#8221; text_font=&#8221;|800|||||||&#8221; text_text_color=&#8221;#FFFFFF&#8221; text_font_size=&#8221;49px&#8221; custom_margin=&#8221;53px|||||&#8221;]<\/p>\n<p>Quem Somos?<\/p>\n<p>[\/et_pb_text][et_pb_text _builder_version=&#8221;4.9.10&#8243; _module_preset=&#8221;default&#8221; text_text_color=&#8221;#FFFFFF&#8221; text_font_size=&#8221;15px&#8221; custom_margin=&#8221;25px|||||&#8221;]<\/p>\n<p>Dezembro de 2019 conversando com o contador da uma empresa de auto pe\u00e7as que n\u00f3s temos aqui em S\u00e3o Manuel, ele comentou que tinha comprado mudas de ora-pro-n\u00f3bis e plantado na ch\u00e1cara dele e estavam bonitas. Se eu queria folhas ele traria, porque era bom para fraqueza anemia, alto teor de prote\u00edna. Havia gasto 180 reais com as 3 mudas mas j\u00e1 tinham propagado bastante. Acontece que eu tenho um bisnetinho na \u00e9poca 1 ano mais ou menos, nasceu na Unesp com 1.200 kl fraquinho. A pediatra disse que ele n\u00e3o viveria, ficou na estufa do hospital&#8230;.<\/p>\n<p>[\/et_pb_text][et_pb_button button_url=&#8221;https:\/\/lojacasadasfolhas.com.br\/site\/quem-somos\/&#8221; button_text=&#8221;LER MAIS&#8230;&#8221; button_alignment=&#8221;left&#8221; _builder_version=&#8221;4.9.10&#8243; _module_preset=&#8221;default&#8221; custom_button=&#8221;on&#8221; button_bg_color=&#8221;#E09900&#8243; button_border_radius=&#8221;23px&#8221; custom_padding=&#8221;|30px||30px|false|false&#8221;][\/et_pb_button][\/et_pb_column][\/et_pb_row][\/et_pb_section][et_pb_section fb_built=&#8221;1&#8243; _builder_version=&#8221;4.9.10&#8243; _module_preset=&#8221;default&#8221;][et_pb_row _builder_version=&#8221;4.9.10&#8243; _module_preset=&#8221;default&#8221;][et_pb_column type=&#8221;4_4&#8243; _builder_version=&#8221;4.9.10&#8243; _module_preset=&#8221;default&#8221;][et_pb_text _builder_version=&#8221;4.9.10&#8243; _module_preset=&#8221;default&#8221; text_font=&#8221;|800|||||||&#8221; text_text_color=&#8221;#00a859&#8243; text_font_size=&#8221;49px&#8221; custom_margin=&#8221;||57px|||&#8221;]<\/p>\n<p style=\"text-align: center;\">Artigos &amp; Novidades<\/p>\n<p>[\/et_pb_text][et_pb_blog fullwidth=&#8221;off&#8221; posts_number=&#8221;3&#8243; include_categories=&#8221;all&#8221; excerpt_length=&#8221;100&#8243; show_author=&#8221;off&#8221; show_date=&#8221;off&#8221; show_pagination=&#8221;off&#8221; use_overlay=&#8221;on&#8221; _builder_version=&#8221;4.9.10&#8243; _module_preset=&#8221;default&#8221; header_font=&#8221;|700|||||||&#8221; header_font_size=&#8221;23px&#8221; box_shadow_style=&#8221;preset3&#8243; box_shadow_spread=&#8221;-14px&#8221;][\/et_pb_blog][et_pb_button button_url=&#8221;https:\/\/lojacasadasfolhas.com.br\/site\/category\/blog\/&#8221; button_text=&#8221;VER TODOS&#8230;&#8221; button_alignment=&#8221;center&#8221; _builder_version=&#8221;4.9.10&#8243; _module_preset=&#8221;default&#8221; custom_button=&#8221;on&#8221; button_bg_color=&#8221;#E09900&#8243; button_border_radius=&#8221;23px&#8221; custom_padding=&#8221;|30px||30px|false|false&#8221;][\/et_pb_button][\/et_pb_column][\/et_pb_row][\/et_pb_section][et_pb_section fb_built=&#8221;1&#8243; _builder_version=&#8221;4.9.10&#8243; _module_preset=&#8221;default&#8221; background_color=&#8221;#004c36&#8243; background_enable_image=&#8221;off&#8221; custom_padding=&#8221;29px||29px|||&#8221; border_width_top=&#8221;9px&#8221; border_color_top=&#8221;#7CDA24&#8243;][et_pb_row _builder_version=&#8221;4.9.10&#8243; _module_preset=&#8221;default&#8221; custom_padding=&#8221;||12px|||&#8221;][et_pb_column type=&#8221;4_4&#8243; _builder_version=&#8221;4.9.10&#8243; _module_preset=&#8221;default&#8221;][et_pb_signup provider=&#8221;mailpoet&#8221; mailpoet_list=&#8221;add_new_account&#8221; name_field=&#8221;on&#8221; title=&#8221;Recerber ofertas!&#8221; button_text=&#8221;Cadastrar!&#8221; description=&#8221;<\/p>\n<p>Assine para eceber ofertas exclusivas sobre nossos produtos e servi\u00e7os.<br \/>N\u00e3o encaminhamos SPAM. e voc\u00ea pode assinar tranquilo!<\/p>\n<p>Abra\u00e7o de nossa equipe! \ud83d\ude42<\/p>\n<p>&#8221; _builder_version=&#8221;4.9.10&#8243; _module_preset=&#8221;default&#8221; header_font=&#8221;|700|||||||&#8221; header_font_size=&#8221;34px&#8221; background_enable_color=&#8221;off&#8221;][\/et_pb_signup][\/et_pb_column][\/et_pb_row][\/et_pb_section]<\/p>\n<div style=\"padding-bottom:20px; padding-top:10px;\" class=\"hupso-share-buttons\"><!-- Hupso Share Buttons - https:\/\/www.hupso.com\/share\/ --><a class=\"hupso_counters\" href=\"https:\/\/www.hupso.com\/share\/\"><img decoding=\"async\" src=\"https:\/\/static.hupso.com\/share\/buttons\/dot.png\" style=\"border:0px; padding-top:2px; float:left;\" alt=\"Share Button\"\/><\/a><script type=\"text\/javascript\">var hupso_services_c=new Array(\"twitter\",\"facebook_like\",\"facebook_send\",\"google\",\"pinterest\",\"email\",\"print\",\"linkedin\");var hupso_counters_lang = \"pt_BR\";var hupso_image_folder_url = \"\";var hupso_url_c=\"\";var hupso_title_c=\"Home\";<\/script><script type=\"text\/javascript\" src=\"https:\/\/static.hupso.com\/share\/js\/counters.js\"><\/script><!-- Hupso Share Buttons --><\/div>","protected":false},"excerpt":{"rendered":"<p>Ora Pro N\u00f3bis em p\u00f3 250 gramas &#82;&#36;23,90 Comprar Abacate- 200 gramas de folhas &#82;&#36;36,90 Comprar Manga Rosa- 250 gramas de folhas &#82;&#36;17,90 Comprar Emba\u00faba- 250 gramas &#82;&#36;33,90 Comprar Amendoeira da Praia fresca 200 gramas &#82;&#36;36,90 Comprar Caju folhas desidratadas 200 gramas &#82;&#36;36,90 Comprar Bolacha de Madeira R\u00fastica 18 cent\u00edmetros 10 unidades &#82;&#36;79,90 Comprar Bolacha [&hellip;]<\/p>\n","protected":false},"author":1,"featured_media":0,"parent":0,"menu_order":0,"comment_status":"closed","ping_status":"closed","template":"","meta":{"_et_pb_use_builder":"on","_et_pb_old_content":"","_et_gb_content_width":"","footnotes":""},"_links":{"self":[{"href":"https:\/\/lojacasadasfolhas.com.br\/site\/wp-json\/wp\/v2\/pages\/41"}],"collection":[{"href":"https:\/\/lojacasadasfolhas.com.br\/site\/wp-json\/wp\/v2\/pages"}],"about":[{"href":"https:\/\/lojacasadasfolhas.com.br\/site\/wp-json\/wp\/v2\/types\/page"}],"author":[{"embeddable":true,"href":"https:\/\/lojacasadasfolhas.com.br\/site\/wp-json\/wp\/v2\/users\/1"}],"replies":[{"embeddable":true,"href":"https:\/\/lojacasadasfolhas.com.br\/site\/wp-json\/wp\/v2\/comments?post=41"}],"version-history":[{"count":109,"href":"https:\/\/lojacasadasfolhas.com.br\/site\/wp-json\/wp\/v2\/pages\/41\/revisions"}],"predecessor-version":[{"id":1441,"href":"https:\/\/lojacasadasfolhas.com.br\/site\/wp-json\/wp\/v2\/pages\/41\/revisions\/1441"}],"wp:attachment":[{"href":"https:\/\/lojacasadasfolhas.com.br\/site\/wp-json\/wp\/v2\/media?parent=41"}],"curies":[{"name":"wp","href":"https:\/\/api.w.org\/{rel}","templated":true}]}}