{"id":2017,"date":"2023-05-16T13:01:14","date_gmt":"2023-05-16T13:01:14","guid":{"rendered":"https:\/\/lojacasadasfolhas.com.br\/site\/?post_type=product&#038;p=2017"},"modified":"2025-09-17T15:35:18","modified_gmt":"2025-09-17T15:35:18","slug":"folhas-frescas-de-limao-siciliano-200-unidades","status":"publish","type":"product","link":"https:\/\/lojacasadasfolhas.com.br\/site\/produto\/folhas-frescas-de-limao-siciliano-200-unidades\/","title":{"rendered":"Folhas frescas de Lim\u00e3o Siciliano- 200 unidades"},"content":{"rendered":"<p>Pacote com 200 folhas frescas de lim\u00e3o siciliano.<br \/>\n<strong>Nome Popular:<\/strong> limoeiro<br \/>\n<strong>Princ\u00edpios ativos:<\/strong> vitamina C, polifen\u00f3is, caroten\u00f3ides (violaxantina, lute\u00edna, criptoxantina,\u00a0betacaroteno).<br \/>\n<strong>Indica\u00e7\u00f5es:<\/strong> desintoxica\u00e7\u00e3o do organismo, inflama\u00e7\u00f5es, infec\u00e7\u00f5es, acidez metab\u00f3lica, ins\u00f4nia, anemia, antioxidante.<br \/>\n<strong>Modo de usar:<\/strong> 15 gramas de folhas para 500 ml de \u00e1gua, ferver por 10 minutos. Tomar de 3 a 4 x\u00edcaras ao dia<br \/>\n<strong>Contraindica\u00e7\u00f5es:<\/strong> pessoas com sensibilidade no est\u00f4mago e grande quantidade de ferro no sangue devem ficar atentos.<\/p>\n<div style=\"padding-bottom:20px; padding-top:10px;\" class=\"hupso-share-buttons\"><!-- Hupso Share Buttons - https:\/\/www.hupso.com\/share\/ --><a class=\"hupso_counters\" href=\"https:\/\/www.hupso.com\/share\/\"><img decoding=\"async\" src=\"https:\/\/static.hupso.com\/share\/buttons\/dot.png\" style=\"border:0px; padding-top:2px; float:left;\" alt=\"Share Button\"\/><\/a><script type=\"text\/javascript\">var hupso_services_c=new Array(\"twitter\",\"facebook_like\",\"facebook_send\",\"google\",\"pinterest\",\"email\",\"print\",\"linkedin\");var hupso_counters_lang = \"pt_BR\";var hupso_image_folder_url = \"\";var hupso_url_c=\"\";var hupso_title_c=\"Folhas%20frescas%20de%20Lim%C3%A3o%20Siciliano-%20200%20unidades\";<\/script><script type=\"text\/javascript\" src=\"https:\/\/static.hupso.com\/share\/js\/counters.js\"><\/script><!-- Hupso Share Buttons --><\/div>","protected":false},"excerpt":{"rendered":"<p>Pacote com 200 folhas frescas de lim\u00e3o siciliano. Nome Popular: limoeiro Princ\u00edpios ativos: vitamina C, polifen\u00f3is, caroten\u00f3ides (violaxantina, lute\u00edna, criptoxantina,\u00a0betacaroteno). Indica\u00e7\u00f5es: desintoxica\u00e7\u00e3o do organismo, inflama\u00e7\u00f5es, infec\u00e7\u00f5es, acidez metab\u00f3lica, ins\u00f4nia, anemia, antioxidante. Modo de usar: 15 gramas de folhas para 500 ml de \u00e1gua, ferver por 10 minutos. Tomar de 3 a 4 x\u00edcaras ao dia [&hellip;]<\/p>\n","protected":false},"featured_media":1824,"comment_status":"open","ping_status":"closed","template":"","meta":{"_et_pb_use_builder":"","_et_pb_old_content":"","_et_gb_content_width":""},"product_cat":[23],"product_tag":[],"_links":{"self":[{"href":"https:\/\/lojacasadasfolhas.com.br\/site\/wp-json\/wp\/v2\/product\/2017"}],"collection":[{"href":"https:\/\/lojacasadasfolhas.com.br\/site\/wp-json\/wp\/v2\/product"}],"about":[{"href":"https:\/\/lojacasadasfolhas.com.br\/site\/wp-json\/wp\/v2\/types\/product"}],"replies":[{"embeddable":true,"href":"https:\/\/lojacasadasfolhas.com.br\/site\/wp-json\/wp\/v2\/comments?post=2017"}],"wp:featuredmedia":[{"embeddable":true,"href":"https:\/\/lojacasadasfolhas.com.br\/site\/wp-json\/wp\/v2\/media\/1824"}],"wp:attachment":[{"href":"https:\/\/lojacasadasfolhas.com.br\/site\/wp-json\/wp\/v2\/media?parent=2017"}],"wp:term":[{"taxonomy":"product_cat","embeddable":true,"href":"https:\/\/lojacasadasfolhas.com.br\/site\/wp-json\/wp\/v2\/product_cat?post=2017"},{"taxonomy":"product_tag","embeddable":true,"href":"https:\/\/lojacasadasfolhas.com.br\/site\/wp-json\/wp\/v2\/product_tag?post=2017"}],"curies":[{"name":"wp","href":"https:\/\/api.w.org\/{rel}","templated":true}]}}