{"id":2266,"date":"2025-06-09T16:26:56","date_gmt":"2025-06-09T16:26:56","guid":{"rendered":"https:\/\/lojacasadasfolhas.com.br\/site\/?post_type=product&#038;p=2266"},"modified":"2025-09-17T15:06:57","modified_gmt":"2025-09-17T15:06:57","slug":"10-bolachas-de-madeira-rustica-17-centimetros","status":"publish","type":"product","link":"https:\/\/lojacasadasfolhas.com.br\/site\/produto\/10-bolachas-de-madeira-rustica-17-centimetros\/","title":{"rendered":"10 Bolachas de Madeira R\u00fastica 17 cent\u00edmetros"},"content":{"rendered":"<p>kit com 10 bolachas de madeira r\u00fastica ideal para plantar, j\u00e1 furada.<br \/>\nEntre 1 e 3 cent\u00edmetros de espessura.<br \/>\nEntre 16,1 e 17 cent\u00edmetros de di\u00e2metro.<\/p>\n<p>Por se tratar de madeira r\u00fastica pode apresentar rachaduras n\u00f3s furos e imperfei\u00e7\u00f5es. As manchas s\u00e3o pr\u00f3prias da madeira.<\/p>\n<div style=\"padding-bottom:20px; padding-top:10px;\" class=\"hupso-share-buttons\"><!-- Hupso Share Buttons - https:\/\/www.hupso.com\/share\/ --><a class=\"hupso_counters\" href=\"https:\/\/www.hupso.com\/share\/\"><img decoding=\"async\" src=\"https:\/\/static.hupso.com\/share\/buttons\/dot.png\" style=\"border:0px; padding-top:2px; float:left;\" alt=\"Share Button\"\/><\/a><script type=\"text\/javascript\">var hupso_services_c=new Array(\"twitter\",\"facebook_like\",\"facebook_send\",\"google\",\"pinterest\",\"email\",\"print\",\"linkedin\");var hupso_counters_lang = \"pt_BR\";var hupso_image_folder_url = \"\";var hupso_url_c=\"\";var hupso_title_c=\"10%20Bolachas%20de%20Madeira%20R%C3%BAstica%2017%20cent%C3%ADmetros\";<\/script><script type=\"text\/javascript\" src=\"https:\/\/static.hupso.com\/share\/js\/counters.js\"><\/script><!-- Hupso Share Buttons --><\/div>","protected":false},"excerpt":{"rendered":"<p>kit com 10 bolachas de madeira r\u00fastica ideal para plantar, j\u00e1 furada. Entre 1 e 3 cent\u00edmetros de espessura. Entre 16,1 e 17 cent\u00edmetros de di\u00e2metro. Por se tratar de madeira r\u00fastica pode apresentar rachaduras n\u00f3s furos e imperfei\u00e7\u00f5es. As manchas s\u00e3o pr\u00f3prias da madeira.<\/p>\n","protected":false},"featured_media":2264,"comment_status":"open","ping_status":"closed","template":"","meta":{"_et_pb_use_builder":"","_et_pb_old_content":"","_et_gb_content_width":""},"product_cat":[23],"product_tag":[],"_links":{"self":[{"href":"https:\/\/lojacasadasfolhas.com.br\/site\/wp-json\/wp\/v2\/product\/2266"}],"collection":[{"href":"https:\/\/lojacasadasfolhas.com.br\/site\/wp-json\/wp\/v2\/product"}],"about":[{"href":"https:\/\/lojacasadasfolhas.com.br\/site\/wp-json\/wp\/v2\/types\/product"}],"replies":[{"embeddable":true,"href":"https:\/\/lojacasadasfolhas.com.br\/site\/wp-json\/wp\/v2\/comments?post=2266"}],"wp:featuredmedia":[{"embeddable":true,"href":"https:\/\/lojacasadasfolhas.com.br\/site\/wp-json\/wp\/v2\/media\/2264"}],"wp:attachment":[{"href":"https:\/\/lojacasadasfolhas.com.br\/site\/wp-json\/wp\/v2\/media?parent=2266"}],"wp:term":[{"taxonomy":"product_cat","embeddable":true,"href":"https:\/\/lojacasadasfolhas.com.br\/site\/wp-json\/wp\/v2\/product_cat?post=2266"},{"taxonomy":"product_tag","embeddable":true,"href":"https:\/\/lojacasadasfolhas.com.br\/site\/wp-json\/wp\/v2\/product_tag?post=2266"}],"curies":[{"name":"wp","href":"https:\/\/api.w.org\/{rel}","templated":true}]}}